of p**4/12 + 2*p**3/3 + 7*p**2/2 + 2*p + 88. Determine r(-4).
7
Suppose 0 = 4*w + 22 + 14. Let b = w - -16. Suppose 3*m + 1 = 4*o, m = -o + 2 - b. Let p(y) = -2*y**2 - 3*y - 4. Give p(m).
-13
Let f(j) = j**3 + 8*j**2 + 7*j - 8. Let h = 1012 - 1019. Give f(h).
-8
Let x(a) be the first derivative of 2*a**3/3 - 1. Let c be x(1). Let z(g) = 0*g**c - 1 - g**3 + 4*g + 3 + 4 + 4*g**2. Calculate z(5).
1
Suppose 0 = -b + 3*b - 12. Suppose b*d + 7 = -17. Let c(g) = -g + 2. Calculate c(d).
6
Let w(q) be the third derivative of -q**7/5040 - q**6/180 + q**5/3 - 5*q**2. Let v(o) be the third derivative of w(o). What is v(-10)?
6
Let f(l) be the third derivative of l**4/2 + l**3/2 - 3*l**2. Give f(-2).
-21
Suppose 0*d = u + 3*d - 2, -2*u - 5*d = -6. Let q(y) = -y**3 + 8*y**2 - 3*y + 20. Determine q(u).
-4
Let g(q) = q**3 + 2*q**2 + q + 3. Let k(n) = 5*n**3 + 9*n**2 + 5*n + 15. Let a(r) = 11*g(r) - 2*k(r). Suppose 0 = 4*p + 8*p + 48. What is a(p)?
-1
Let z = 1319 - 1317. Let b(w) = -4*w - 2 + 0*w - 2*w. Determine b(z).
-14
Let j be ((-4)/(-1))/((-15)/45). Let l(c) = c**3 + 13*c**2 + 12*c + 2. Give l(j).
2
Suppose -f + q - 5 = 2, -3*q + 3 = 0. Let d(x) = x**3 + 6*x**2 - x + 6. Give d(f).
12
Let n(i) = -7*i**2 + 3*i - 2. Let z be (-16)/(-2)*(-2 - (-9)/4). Give n(z).
-24
Let j(p) = p + 6 - 7 + 12 + 18. Let w be j(-27). Let h(s) = s**3 + 2*s**2 - 3*s. Give h(w).
10
Let b(o) be the third derivative of -o**6/15 + o**5/60 - 130*o**2. What is b(-1)?
9
Let y = 21 - 20. Let m be 2/1 - -1 - y. Let q(x) be the third derivative of x**6/60 - x**5/30 - x**4/12 + 21*x**2. What is q(m)?
4
Let u(y) = -15*y + 9*y + 2*y + 7*y - 5. Calculate u(4).
7
Suppose -6 = -3*r - 2*f, -4*r + 0*f = f - 3. Suppose r*w + 45 = 9*w. Let j(k) = -k + 7. Determine j(w).
2
Suppose 5*h - 39*h = -272. Let m(k) be the third derivative of -k**6/120 + 3*k**5/20 - k**4/3 - k**3/2 + k**2. Give m(h).
-3
Let b(m) = -6*m + 6*m + 7 + m + 0*m. Let y = -16 - -8. What is b(y)?
-1
Let x(y) = y**3 + 4*y**2 - 4*y + 1. Let h = -224 + 219. Determine x(h).
-4
Let b(w) = 8*w**3 - 7*w**3 - 15*w + 6*w**2 + 16*w + 11. Calculate b(-6).
5
Let p(d) = -4*d**2 + 10*d**2 + 2*d + d**3 + 103 - 102. What is p(-5)?
16
Let i(y) = -3*y - 2 - 128*y**3 + 129*y**3 - 5*y + 7*y**2. Give i(-8).
-2
Let z(p) = 11*p - 11 + 3*p - 8*p**2 - 10*p + 2*p + 9*p**2. Determine z(-7).
-4
Let t(p) = p**3 + 8*p**2 - 2*p - 7. Let n(j) = -j**3 + 13*j**2 - 3*j + 31. Let c be n(13). What is t(c)?
9
Let v(y) = y + 8. Suppose -4*r + r = 5*w - 12, 2*r - 24 = 2*w. Suppose r = -q + 4*l, 4*q + 15 + 7 = 2*l. Give v(q).
3
Let f(w) = 10*w**2 + 3*w + 4. Let q(n) = -42*n**2 - 13*n - 17. Let c(r) = -9*f(r) - 2*q(r). Determine c(-1).
-7
Let t(r) = r**3 + 5*r**2 + 3*r + 1. Let n(a) = -a**2 + 14*a - 5. Suppose 7*d + 14 = 8*d. Let m be n(d). Calculate t(m).
-14
Suppose -48*f + 66 = -174. Let k(v) = 4 + v**2 - 2 + 1 - 7*v + v**2. Calculate k(f).
18
Let t(w) = -70*w - 85*w + 149*w. Calculate t(-2).
12
Suppose 2*z - 12 = z - 3*m, -3*z = 4*m - 26. Let u(h) = -h**2 - h - h**2 + z*h**2. Let d = 2 - 1. Calculate u(d).
3
Let y(o) = 2*o - 9. Let w = -94 + 87. Determine y(w).
-23
Let f(k) = -14*k**3 + 20*k**2 + 9*k + 11. Let t(m) = 5*m**3 - 7*m**2 - 3*m - 4. Let x be 18/4*8/6. Let g(r) = x*f(r) + 17*t(r). What is g(2)?
16
Suppose -4*v - 4*j = j - 10, 5*v = j + 27. Let h(o) = 22*o - 4. Let u(a) = 20*a - 4. Let q(r) = -9*h(r) + 10*u(r). Determine q(v).
6
Let d(p) be the third derivative of p**5/20 + 25*p**4/24 + 2*p**3 + 294*p**2 + 2. Give d(-8).
4
Let z(n) = -n**2 + 10*n - 7. Let o(i) = -7*i + 6. Let y be o(1). Let q be 1/((-5)/(-25)) - y. What is z(q)?
17
Let q(n) be the third derivative of -n**7/5040 + n**6/360 - 7*n**5/60 + 8*n**2. Let v(t) be the third derivative of q(t). Determine v(8).
-6
Let z(r) be the second derivative of 0 + 1/12*r**4 + 6*r + 0*r**2 - 1/2*r**3. Calculate z(4).
4
Let z = -118 + 166. Suppose 3*q + 5*q + z = 0. Let t(o) = o**2 + 4*o - 8. What is t(q)?
4
Let u(n) = -2 + 5 - 2*n - 10 - 9. Give u(-9).
2
Let j(f) = -f**2 - 7*f - 4. Let p(u) = 2*u**2 + 8*u + 4. Let l(q) = -5*j(q) - 4*p(q). Let r(i) = i**2 + i. Let a(v) = l(v) + 2*r(v). Determine a(5).
4
Let z(o) = -3*o + 23. Suppose -2*s - 26 = -5*a - 11, 0 = 2*s - 2*a. Calculate z(s).
8
Let d(c) = -c - 1. Let o(s) = -11*s - 2. Let l(g) = -4*d(g) + o(g). Let a be (-30)/(-20)*(-50)/(-3). Let i be (10/a)/((-1)/(-5)). Determine l(i).
-12
Let i(l) be the first derivative of -l**3/3 + 7*l**2/2 + 10*l + 1. Suppose 3*w - 1 = -4*y, -2*y + 11 = 51*w - 48*w. Determine i(w).
10
Let z be (-5)/20*7/(-14). Let f(d) be the third derivative of -z*d**4 + 14*d**2 + 0 + 0*d**3 + 0*d. Give f(1).
-3
Let w(c) = -c - 15. Suppose -2*m = 4*g - 28, 3*g - 36 = -3*m + 15. What is w(m)?
-35
Let a(y) = -3*y**2 - 3*y + 8. Let c = -1480 - -1484. What is a(c)?
-52
Let u(i) = -i**3 + 10*i**2 - 6*i - 19. Let v(f) = 2*f**3 - 20*f**2 + 14*f + 39. Let q(m) = 9*u(m) + 4*v(m). Determine q(10).
5
Let a(p) be the third derivative of -p**5/60 + 5*p**3/3 - p**2. Let s(x) be the first derivative of -x**2/2 + 10*x + 5. Let i be s(10). Give a(i).
10
Let t(i) = -6*i**3 + 8*i**2 - i - 3. Suppose -2*n - 10 + 0 = 0. Let v = -9 - -5. Let g(f) = 5*f**3 - 7*f**2 + 3. Let x(h) = n*g(h) + v*t(h). What is x(3)?
9
Let s(o) be the second derivative of -o**4/12 - o**3/6 - 13*o**2/2 - o. Let n be 12/(-42) + 18/14. Suppose 4*l + 17 - n = 3*r, 0 = 2*r + l + 4. Determine s(r).
-13
Suppose -5*m = -0*m + 10. Let i(j) = -5 - j - 3*j + 2*j + 7. What is i(m)?
6
Let x(b) be the first derivative of -b**4/4 - 17*b**3/3 - 17*b**2/2 - 12*b + 3. Let v be x(-16). Let h(z) = v - z**2 + 0 + z + 6 - 4. Calculate h(0).
6
Let l(m) be the third derivative of -m**5/60 - m**4/24 + 19*m**2 + 2. What is l(-1)?
0
Let l = -7 - -14. Let r(j) = 34 + 0*j + 10 + j - 60 + 12. What is r(l)?
3
Let c(w) = -45*w**2 + 80 + 23*w**2 + 23*w**2 + 2*w - 82. Let k be 0/(-2) + 0 + 1. Let v = k + -5. Determine c(v).
6
Suppose 0 = 2*n - 7*n - 20. Let g(a) = -13 - 2*a - 12 + 23. Determine g(n).
6
Let v(t) = -6*t. Let s be -4 - ((-63)/(-7) - 7). Give v(s).
36
Let y be -3*(-8)/12 + 0. Suppose -y*p = 3*p - 10. Let j(b) = 0*b + 0*b**p - b + 0*b - 2*b**2. Determine j(-2).
-6
Let a be 32/8 - (-1 + -1)/(-2). Suppose 6 = a*d - 3*x, -2*d - x = 4*x + 31. Let z(c) = 2*c**2 + 4*c - 1. Give z(d).
5
Let r(k) = -k**3 - 5*k**2 - 4*k + 1. Let f be -2*1/(-2)*-4. Let q be r(f). Let g(d) = 3*d - 11. Let b(t) = -t + 8. Let p(s) = 4*b(s) + 3*g(s). Give p(q).
4
Suppose -8*k + k = -10*k. Let v(l) = 0*l - 12 + 4*l + 0*l - 3*l. Calculate v(k).
-12
Let v(w) = w**3 - 5*w**2 + 2*w - 8. Let b be (-51)/136 + (-129)/(-24). Determine v(b).
2
Let b(n) = -67*n**2 + 2*n - 1. Suppose 0 = 2*x + 2*r - 83 + 77, 2*x - r = 0. Give b(x).
-66
Let p(o) be the third derivative of 0 - o**3 - 4*o**2 + 1/12*o**4 + 0*o - 2/15*o**5 + 1/120*o**6. Determine p(8).
10
Let q be (-1 + -2 + -1)/(-2). Let n(c) = 8*c - 6 + c**2 - q*c**2 + 1. Let w = 331 - 326. What is n(w)?
10
Let m(p) = 5*p**2 - p + 2. Suppose 4 = -5*o - 3*t, -2*o - t - 2 = -0*t. Calculate m(o).
24
Let g = 17 - 14. Let f(v) = 3*v**2 + 0 + 1 - 3*v - g*v**2 + 2*v**2. Give f(3).
10
Let d(a) = -36 + 3*a + 20 + 10 - a. Give d(5).
4
Let v(m) be the third derivative of m**5/60 + m**4/4 + 3*m**3/2 + 6*m**2. Let q be 4*-1 - ((-6)/(-1) - 4). Calculate v(q).
9
Let b(a) = a**2 + 9*a - 1. Let z(j) = -j**2 + 3*j + 121. Let w be z(-10). Give b(w).
-1
Let g(x) = x**2 + x - 1. Let b(a) = -6*a**2 - 5*a + 27. Let f(n) = b(n) + 5*g(n). Calculate f(0).
22
Let y(u) = -3*u - 9. Let p(h) = h. Let c(s) = 6*p(s) + y(s). Determine c(9).
18
Let u(g) = -g - 1. Let y(l) = l + 1. Let h(s) = 3*s + 1. Let p be h(-2). Let k(v) = p*u(v) - 4*y(v). Suppose 4*m + 7 = -5. Give k(m).
-2
Let o(g) = 390 - 125 + 7*g - g**2 - 142 + 4*g - 141. Calculate o(10).
-8
Let c(i) be the second derivative of 0 + 10*i + 17/20*i**5 + 0*i**2 + 1/6*i**3 + 0*i**4. Give c(-1).
-18
Let a = 3 + 2. Let y(p) = -8*p**3 - 5*p**2 + 23*p**3 - 6*p**3 - 6*p**3 + p - 2*p**3 - 5. Give y(a).
0
Let k(a) = -4*a - 2*a + 3*a - 7 - 14. Let r be k(-8). Let j(s) = 3*s + 1. What is j(r)?
10
Let p = -6 + -2. Let t = p - -30. Let n(a) = -t + 3 + a + 12. Calculate n(5).
-2
Let b(g) = -g**2 + 32*g - 57. Let k be b(30). Let h(x) = x**2. Calculate h(k).
9
Let n be -3 - (2*6 + -1). Let v be (-3 